{"id":3300,"date":"2021-12-23T16:32:39","date_gmt":"2021-12-23T19:32:39","guid":{"rendered":"https:\/\/onicopes.com.br\/site\/?page_id=3300"},"modified":"2022-02-07T16:18:23","modified_gmt":"2022-02-07T19:18:23","slug":"depoimentos-clientes","status":"publish","type":"page","link":"https:\/\/onicopes.com.br\/site\/depoimentos-clientes\/","title":{"rendered":"DEPOIMENTOS CLIENTES"},"content":{"rendered":"<p>[vc_row][vc_column icons_position=&#8221;left&#8221;]<div  id=\"testimon\"\t\tclass=\"sc_testimonials color_style_default sc_testimonials_default\"><h3 class=\"sc_item_title sc_testimonials_title sc_align_left sc_item_title_style_accent sc_item_title_tag\">Depoimento dos Clientes<\/h3><div id=\"testimon_outer\" class=\"sc_testimonials_slider sc_item_slider slider_swiper_outer slider_outer slider_outer_nocontrols slider_outer_pagination slider_outer_pagination_bullets slider_outer_pagination_pos_bottom slider_outer_one\">\n\t<div id=\"testimon_swiper\" class=\"slider_container swiper-slider-container slider_swiper slider_noresize slider_nocontrols slider_pagination slider_pagination_bullets slider_pagination_pos_bottom slider_one\" data-slides-min-width=\"290\" data-pagination=\"bullets\">\n\t\t<div class=\"slides slider-wrapper swiper-wrapper sc_item_columns_1\"><div class=\"slider-slide swiper-slide\"><div class=\"sc_testimonials_item\">\n\t<div class=\"sc_testimonials_item_author\">\n\t\t\t\t\t<div class=\"sc_testimonials_item_author_avatar\"><img loading=\"lazy\" decoding=\"async\" width=\"90\" height=\"90\" src=\"https:\/\/onicopes.com.br\/site\/wp-content\/uploads\/2017\/12\/Marcos-90x90.jpg\" class=\"attachment-coleo-thumb-tiny size-coleo-thumb-tiny wp-post-image\" alt=\"Marcos Souza\" srcset=\"https:\/\/onicopes.com.br\/site\/wp-content\/uploads\/2017\/12\/Marcos-90x90.jpg 90w, https:\/\/onicopes.com.br\/site\/wp-content\/uploads\/2017\/12\/Marcos-300x300.jpg 300w, https:\/\/onicopes.com.br\/site\/wp-content\/uploads\/2017\/12\/Marcos-1024x1024.jpg 1024w, https:\/\/onicopes.com.br\/site\/wp-content\/uploads\/2017\/12\/Marcos-150x150.jpg 150w, https:\/\/onicopes.com.br\/site\/wp-content\/uploads\/2017\/12\/Marcos-768x768.jpg 768w, https:\/\/onicopes.com.br\/site\/wp-content\/uploads\/2017\/12\/Marcos-370x370.jpg 370w, https:\/\/onicopes.com.br\/site\/wp-content\/uploads\/2017\/12\/Marcos-760x760.jpg 760w, https:\/\/onicopes.com.br\/site\/wp-content\/uploads\/2017\/12\/Marcos-600x600.jpg 600w, https:\/\/onicopes.com.br\/site\/wp-content\/uploads\/2017\/12\/Marcos-100x100.jpg 100w, https:\/\/onicopes.com.br\/site\/wp-content\/uploads\/2017\/12\/Marcos.jpg 1440w\" sizes=\"auto, (max-width: 90px) 100vw, 90px\" \/><\/div>\n\t\t\t\t\n\t<\/div>\n\t<div class=\"sc_testimonials_item_content\"><p>Qualidade em produtos ortop\u00e9dicos em um \u00fanico local, isso foi o que mais me impressionou na \u00d4nico P\u00e9s !!<\/p>\n<\/div>\t\n\t<div class=\"sc_testimonials_item_author_data\">\n\t\t<h4 class=\"sc_testimonials_item_author_title\">Marcos Souza<\/h4>\n\t\t<div class=\"sc_testimonials_item_author_subtitle\"><\/div>\n\t<\/div>\t\n<\/div>\n<\/div><div class=\"slider-slide swiper-slide\"><div class=\"sc_testimonials_item\">\n\t<div class=\"sc_testimonials_item_author\">\n\t\t\t\t\t<div class=\"sc_testimonials_item_author_avatar\"><img loading=\"lazy\" decoding=\"async\" width=\"90\" height=\"90\" src=\"https:\/\/onicopes.com.br\/site\/wp-content\/uploads\/2017\/12\/90839388_3311099618917858_8322706154954162176_n-90x90.jpg\" class=\"attachment-coleo-thumb-tiny size-coleo-thumb-tiny wp-post-image\" alt=\"J\u00e9ssica Luana\" srcset=\"https:\/\/onicopes.com.br\/site\/wp-content\/uploads\/2017\/12\/90839388_3311099618917858_8322706154954162176_n-90x90.jpg 90w, https:\/\/onicopes.com.br\/site\/wp-content\/uploads\/2017\/12\/90839388_3311099618917858_8322706154954162176_n-298x300.jpg 298w, https:\/\/onicopes.com.br\/site\/wp-content\/uploads\/2017\/12\/90839388_3311099618917858_8322706154954162176_n-1018x1024.jpg 1018w, https:\/\/onicopes.com.br\/site\/wp-content\/uploads\/2017\/12\/90839388_3311099618917858_8322706154954162176_n-150x150.jpg 150w, https:\/\/onicopes.com.br\/site\/wp-content\/uploads\/2017\/12\/90839388_3311099618917858_8322706154954162176_n-768x773.jpg 768w, https:\/\/onicopes.com.br\/site\/wp-content\/uploads\/2017\/12\/90839388_3311099618917858_8322706154954162176_n-1527x1536.jpg 1527w, https:\/\/onicopes.com.br\/site\/wp-content\/uploads\/2017\/12\/90839388_3311099618917858_8322706154954162176_n-370x370.jpg 370w, https:\/\/onicopes.com.br\/site\/wp-content\/uploads\/2017\/12\/90839388_3311099618917858_8322706154954162176_n-760x765.jpg 760w, https:\/\/onicopes.com.br\/site\/wp-content\/uploads\/2017\/12\/90839388_3311099618917858_8322706154954162176_n-600x604.jpg 600w, https:\/\/onicopes.com.br\/site\/wp-content\/uploads\/2017\/12\/90839388_3311099618917858_8322706154954162176_n-100x100.jpg 100w, https:\/\/onicopes.com.br\/site\/wp-content\/uploads\/2017\/12\/90839388_3311099618917858_8322706154954162176_n.jpg 2003w\" sizes=\"auto, (max-width: 90px) 100vw, 90px\" \/><\/div>\n\t\t\t\t\n\t<\/div>\n\t<div class=\"sc_testimonials_item_content\"><p>Conforto para o dia-a-dia no trabalho era o que eu procurava, e encontrei na \u00d4nico P\u00e9s. Modelos confort\u00e1veis e muito bonitos !!<\/p>\n<\/div>\t\n\t<div class=\"sc_testimonials_item_author_data\">\n\t\t<h4 class=\"sc_testimonials_item_author_title\">J\u00e9ssica Luana<\/h4>\n\t\t<div class=\"sc_testimonials_item_author_subtitle\"><\/div>\n\t<\/div>\t\n<\/div>\n<\/div><div class=\"slider-slide swiper-slide\"><div class=\"sc_testimonials_item\">\n\t<div class=\"sc_testimonials_item_author\">\n\t\t\t\t\t<div class=\"sc_testimonials_item_author_avatar\"><img loading=\"lazy\" decoding=\"async\" width=\"90\" height=\"90\" src=\"https:\/\/onicopes.com.br\/site\/wp-content\/uploads\/2017\/12\/EDSON-LIMA-FOTO-90x90.png\" class=\"attachment-coleo-thumb-tiny size-coleo-thumb-tiny wp-post-image\" alt=\"Edson Lima\" srcset=\"https:\/\/onicopes.com.br\/site\/wp-content\/uploads\/2017\/12\/EDSON-LIMA-FOTO-90x90.png 90w, https:\/\/onicopes.com.br\/site\/wp-content\/uploads\/2017\/12\/EDSON-LIMA-FOTO-150x150.png 150w, https:\/\/onicopes.com.br\/site\/wp-content\/uploads\/2017\/12\/EDSON-LIMA-FOTO-100x100.png 100w, https:\/\/onicopes.com.br\/site\/wp-content\/uploads\/2017\/12\/EDSON-LIMA-FOTO.png 300w\" sizes=\"auto, (max-width: 90px) 100vw, 90px\" \/><\/div>\n\t\t\t\t\n\t<\/div>\n\t<div class=\"sc_testimonials_item_content\"><p>Procurei a \u00d4nico P\u00e9s devido a problemas com t\u00eanis esportivos, machucavam meus p\u00e9s e atrapalhavam nas caminhadas. Encontrei qualidade e um excelente atendimento em um \u00fanico local, e desde ent\u00e3o sou cliente fiel. Parab\u00e9ns a toda equipe.<\/p>\n<\/div>\t\n\t<div class=\"sc_testimonials_item_author_data\">\n\t\t<h4 class=\"sc_testimonials_item_author_title\">Edson Lima<\/h4>\n\t\t<div class=\"sc_testimonials_item_author_subtitle\"><\/div>\n\t<\/div>\t\n<\/div>\n<\/div><\/div><\/div><div class=\"slider_pagination_wrap swiper-pagination\"><\/div><\/div><\/div><!-- \/.sc_testimonials --><div id=\"slider_controls_270637596\" class=\"sc_slider_controls sc_slider_controls_default sc_align_right\" data-slider-id=\"testimon\" data-style=\"default\"><div class=\"slider_controls_wrap with_prev with_next\"><a class=\"slider_prev swiper-button-prev\" href=\"#\"><\/a><a class=\"slider_next swiper-button-next\" href=\"#\"><\/a><\/div><\/div>[\/vc_column][\/vc_row]<\/p>\n","protected":false},"excerpt":{"rendered":"<p>[vc_row][vc_column icons_position=&#8221;left&#8221;][\/vc_column][\/vc_row]<\/p>\n","protected":false},"author":1,"featured_media":0,"parent":0,"menu_order":0,"comment_status":"closed","ping_status":"closed","template":"","meta":{"footnotes":""},"class_list":["post-3300","page","type-page","status-publish","hentry"],"_links":{"self":[{"href":"https:\/\/onicopes.com.br\/site\/wp-json\/wp\/v2\/pages\/3300","targetHints":{"allow":["GET"]}}],"collection":[{"href":"https:\/\/onicopes.com.br\/site\/wp-json\/wp\/v2\/pages"}],"about":[{"href":"https:\/\/onicopes.com.br\/site\/wp-json\/wp\/v2\/types\/page"}],"author":[{"embeddable":true,"href":"https:\/\/onicopes.com.br\/site\/wp-json\/wp\/v2\/users\/1"}],"replies":[{"embeddable":true,"href":"https:\/\/onicopes.com.br\/site\/wp-json\/wp\/v2\/comments?post=3300"}],"version-history":[{"count":1,"href":"https:\/\/onicopes.com.br\/site\/wp-json\/wp\/v2\/pages\/3300\/revisions"}],"predecessor-version":[{"id":3301,"href":"https:\/\/onicopes.com.br\/site\/wp-json\/wp\/v2\/pages\/3300\/revisions\/3301"}],"wp:attachment":[{"href":"https:\/\/onicopes.com.br\/site\/wp-json\/wp\/v2\/media?parent=3300"}],"curies":[{"name":"wp","href":"https:\/\/api.w.org\/{rel}","templated":true}]}}